*2 + 56*r - 25. Let w be y(22). Let a = 248 + w. What are the prime factors of a?
3
Suppose 32*j + 0*j = 310272. What are the prime factors of j?
2, 3, 101
Suppose -4*z = -214 - 2. Let q be 24*(z/8 - 1). Suppose 4*p - q - 202 = 0. What are the prime factors of p?
5, 17
Suppose -5*q + 7904 + 7114 = 3273. List the prime factors of q.
3, 29
Suppose -3*o = -4*u - 6927, -3*u - 18*o + 17*o = 5192. Let d = u + 2645. What are the prime factors of d?
2, 457
Suppose -17*q + 154998 = -11*q + 3*s, -2*q = -3*s - 51682. List the prime factors of q.
5, 5167
Suppose 0 = 4*k + u - 137234, u - 16 = -14. What are the prime factors of k?
2, 3, 953
Suppose 191*a - 1273996 = 45*a. What are the prime factors of a?
2, 4363
Let i be 11/(1452/(-24)) - (-9332)/22. Suppose 0 = -2*d + f + f + i, 5*d + 5*f - 1100 = 0. What are the prime factors of d?
2, 3
Suppose -115*n + 797207 = -462158. What are the prime factors of n?
47, 233
Suppose -4*j - 245 = 5*r, -5*j + 2*r = 138 + 127. Let t = j + 314. Suppose -5*d + 5 = 0, -27 = 4*n + 4*d - t. What are the prime factors of n?
3, 19
Let n(h) = 168*h - 136. Let u(s) = -s**3 + 18*s**2 - 2*s + 39. Let y be u(18). What are the prime factors of n(y)?
2, 23
Let f = 149 - 131. Suppose -14*r = -n - f*r + 409, 3*r = -2*n + 823. What are the prime factors of n?
7, 59
Let o be 0 + (-19)/(95/30). What are the prime factors of o/2 + (-2545)/(-5)?
2, 11, 23
Let i(x) = -x + 34. Let n be i(10). Suppose 0 = -27*q + n*q - 594. Let b = -118 - q. What are the prime factors of b?
2, 5
Let f(x) = 81*x - 1408. What are the prime factors of f(57)?
3209
Let h(f) = -f + 9. Let z be h(6). Let x be 15/(-45) + (-16)/(-3). Suppose 0 = 2*r + 2, -4*i + z*r = x*r - 618. List the prime factors of i.
5, 31
Let d(o) = -o**2 - 9*o + 10. Let k be d(-9). Suppose k*x + 463 = 3623. Suppose -3*w = t - 5*w - 158, -2*w - x = -2*t. What are the prime factors of t?
2, 79
List the prime factors of 11397 - (23 + -8)*1.
2, 3, 7, 271
Let v be 12 - (0/(-5))/(-1). Let y be 496/12 - v/9. Let c = -4 + y. List the prime factors of c.
2, 3
List the prime factors of 1323265/70 + (-222)/(-1036).
2, 17, 139
Let t(m) = -4*m + 12. Suppose -24 = -4*b + 24. Suppose 0 = 2*g + 5*h - 0*h + 53, 4*h = -b. What are the prime factors of t(g)?
2, 11
Suppose 0 = 2*b - 2*o - 178, 0 = -4*b + 3*o + 262 + 91. Let f(h) = 3*h**3 - 4*h - 4. Let c be f(-3). Let r = b + c. What are the prime factors of r?
13
Let i(d) = 144*d - 4. Let x(u) = -3*u - 23. Suppose 2*c = -4*g - c - 29, 4*g = 5*c - 37. Let v be x(g). List the prime factors of i(v).
2, 5, 7
Let z(s) = 3*s**2 + 4. Let y be z(2). List the prime factors of 4/(y/(-5)) + 4587/12.
3, 127
Let y(o) be the third derivative of 11*o**4/24 + 20*o**3/3 + 9*o**2. Let k be y(9). Suppose k = -3*i + 817. List the prime factors of i.
2, 113
Let c be 4/(6 + (3 - 8)). What are the prime factors of (c - (-7600)/(-15))/((-2)/3)?
2, 13, 29
Suppose w = -3*w - 2*y + 18388, -4*w - y + 18392 = 0. Suppose -5*z + 5775 = -g + 2*g, 4*z + 5*g - w = 0. What are the prime factors of z?
2, 17
Let k = 106 + -80. Suppose -10*i + 9648 = k*i. List the prime factors of i.
2, 67
Let a(t) = -t**3 + 34*t**2 + 32*t - 189. What are the prime factors of a(25)?
2, 1559
Suppose 56 = -12*u + 10*u. What are the prime factors of 7/u - 1513/(-4)?
2, 3, 7
Suppose 39*l + 6126 - 14955 = 96159. What are the prime factors of l?
2, 673
Suppose -34*k = -27*k. Suppose k = 6*g - 787 - 377. What are the prime factors of g?
2, 97
Let a = 15034 - 13285. What are the prime factors of a?
3, 11, 53
Let v be (-6)/18*156/(4/(-1)). List the prime factors of v*33*4/6.
2, 11, 13
Suppose -5*m + 1560 = 5*w, 4*m - 281 = 5*w + 976. Suppose -4347 = -4*l - 4*g + m, g = 2*l - 2330. What are the prime factors of l?
5, 233
Let t(g) = 2*g**3 + 115*g**2 + 85*g. What are the prime factors of t(-56)?
2, 7, 83
Suppose -16 = -4*y + 7*v - 3*v, 0 = v. Suppose 5*k = 3*m + 2160, -1741 = -y*k + 2*m + 3*m. What are the prime factors of k?
3, 11, 13
Let v(t) be the third derivative of t**4/4 - 11*t**3/6 - 54*t**2. Let a be -3 + (3 - 4) + 26. What are the prime factors of v(a)?
11
Let w = -8491 - -10292. What are the prime factors of w?
1801
Let a = -20 - -25. What are the prime factors of (-3)/(-9) - (250/(-15) - a)?
2, 11
Let a be (12/8)/(0 + 9/12). Suppose -n - 963 = -2*s - 2*n, -2415 = -5*s + 5*n. Suppose -4*h + s = 5*y, -3*h + a*y = -h - 250. What are the prime factors of h?
3, 41
Suppose 3*k - 53 = 4. Let n = -34 - k. Let s = n - -66. List the prime factors of s.
13
Let g = 3613 - 5300. Let d = 2644 + g. What are the prime factors of d?
3, 11, 29
Let u = -10921 + 16028. List the prime factors of u.
5107
Let m = -3389 - -5925. List the prime factors of m.
2, 317
Let v be ((-3)/(-2))/(21/28). Suppose -5*r + c - 4 = -v, r - 5*c + 10 = 0. Suppose 4*m = 9*m - 4*z - 880, r = 3*m - 2*z - 528. List the prime factors of m.
2, 11
Let j = 24 + -12. Let q = j + -18. List the prime factors of 4/q + (-69)/(-9).
7
Suppose -c + d = -5, -2*d = 2*c - 0 - 6. Suppose h - 1227 = 2*o, c*h - 2*o = 3*o + 4914. What are the prime factors of h?
1231
Suppose 12*h = -h - 6877. Let v = h - -883. List the prime factors of v.
2, 3, 59
Suppose 3*d = 4*d + 92. Let b = d - -86. Let f(g) = 3*g**2 + 3*g - 6. List the prime factors of f(b).
2, 3, 7
Suppose 3*g - 2044 = 5*t, 2*t = 5*g - t - 3428. Let r = -400 + g. What are the prime factors of r?
2, 3
Suppose 14*z - 10*z - 64*z + 2893860 = 0. List the prime factors of z.
3, 23, 233
Suppose -154702 = -5*d - b - 9731, d + 3*b = 28997. What are the prime factors of d?
2, 7, 19, 109
Let q be 68/12*9 - (-4)/1. Let i = -38 + q. What are the prime factors of i?
17
Let o = 34 - 28. Let f be (-10)/(-4) + o*(-2)/(-8). List the prime factors of (104 - (-7 - -4))/(4/f).
107
Suppose -6*n = -n + 2345. Let k = 701 + n. List the prime factors of k.
2, 29
Suppose 14 = 2*h + 5*h. Suppose 0 = -z - z - h. What are the prime factors of 80 + (-2 - z) + 3?
2, 41
Let z be 4/(4/3) + 1 + -2. Let x = z - -1. Suppose -154 = -x*a - 58. List the prime factors of a.
2
Let v be -1107*(-2 - 5/(-3)). Suppose 4*q + 13*q - 85 = 0. Suppose 0 = 5*k - i - v, -3*k + 231 = 2*i - q*i. List the prime factors of k.
73
Suppose -14*h = -5*l - 13*h + 29687, l = 3*h + 5929. List the prime factors of l.
2, 2969
Let g(d) be the third derivative of 31*d**4/4 - d**3/3 + 48*d**2. What are the prime factors of g(2)?
2, 5, 37
Suppose 0*t - t = 5*t. Suppose 9*m - 4*m + 5*o - 1435 = t, -4*o = -3*m + 875. List the prime factors of m.
17
Suppose -8*z - 4*l = -3*z - 1930, -2*l = -4*z + 1518. Suppose -60*u + 58*u = -z. What are the prime factors of u?
191
Let h = 8 + -6. Let k = 1 + h. Suppose -k*c - 9 - 7 = -5*v, -20 = -4*v. List the prime factors of c.
3
Suppose 0 = 4*g - 155 + 11. Suppose -33*u + g*u = -108. List the prime factors of (0 - 4/8)*u.
2, 3
Let g(r) = -591*r + 569. What are the prime factors of g(-17)?
2, 1327
Let j(k) = -59*k**3 + 4*k**2 - 40*k - 73. What are the prime factors of j(-7)?
2, 3, 5, 43
Let a = -15538 - -15971. List the prime factors of a.
433
Let a = -113 - -77. Let t = a + 319. What are the prime factors of t?
283
Let o(t) = 6*t**2 + 5*t + 1019. What are the prime factors of o(-34)?
3, 5, 173
Suppose -53*t = -58*t + 34230. List the prime factors of t.
2, 3, 7, 163
List the prime factors of (8/(-6))/(20/138552)*1145/(-458).
2, 23, 251
Let h be 529917/319 + (2/(-11) - 0). Let u = h - 1125. What are the prime factors of u?
2, 67
Let y = 83 - 235. Let k = y - -346. List the prime factors of k.
2, 97
Suppose 72*p - 1598421 = -19098 + 2027229. What are the prime factors of p?
3, 59, 283
What are the prime factors of (-24403152)/(-1410) + ((-4)/10 + 1)*-2?
2, 17, 509
Let y be -163 + 6/3*-2. Let m = y + 41. Let q = -38 - m. What are the prime factors of q?
2, 11
Suppose 3*u - 641 - 1414 = 0. Suppose 5*q + 1531 = -4*d - 303, -4*d - 3*q - 1830 = 0. Let x = d + u. List the prime factors of x.
229
Let a(f) = -269*f**2 + 4*f + 3 + 271*f**2 + 12*f. Suppose -2*v - 15 = -v - 2*b, -3*b = 4*v + 60. What are the prime factors of a(v)?
3, 71
Suppose -40*v = -47*v + 21. Suppose 0 = -5*j + v*z + 1340, j + z - 268 = 5*z. What are the prime factors of j?
2, 67
Let q(a) = 5*a**2 - 3*a + 2. Let b be q(1). Suppose -b*z - 1013 = -5*s, 0 = -2*z + 5*s - 275 - 244. Let i = 24 - z. 